{"id":2777,"date":"2025-08-10T03:34:20","date_gmt":"2025-08-10T01:34:20","guid":{"rendered":"https:\/\/daroulqouran.fr\/?page_id=2777"},"modified":"2026-04-11T00:42:23","modified_gmt":"2026-04-10T22:42:23","slug":"randonnees","status":"publish","type":"page","link":"https:\/\/daroulqouran.fr\/index.php\/randonnees\/","title":{"rendered":"Randonn\u00e9es"},"content":{"rendered":"\t\t<div data-elementor-type=\"wp-page\" data-elementor-id=\"2777\" class=\"elementor elementor-2777\">\n\t\t\t\t\t\t<section class=\"elementor-section elementor-top-section elementor-element elementor-element-1038519 elementor-section-boxed elementor-section-height-default elementor-section-height-default\" data-id=\"1038519\" data-element_type=\"section\">\n\t\t\t\t\t\t<div class=\"elementor-container elementor-column-gap-default\">\n\t\t\t\t\t<div class=\"elementor-column elementor-col-100 elementor-top-column elementor-element elementor-element-02eecfe\" data-id=\"02eecfe\" data-element_type=\"column\">\n\t\t\t<div class=\"elementor-widget-wrap elementor-element-populated\">\n\t\t\t\t\t\t<div class=\"elementor-element elementor-element-2c9ffbc elementor-widget elementor-widget-image\" data-id=\"2c9ffbc\" data-element_type=\"widget\" data-widget_type=\"image.default\">\n\t\t\t\t<div class=\"elementor-widget-container\">\n\t\t\t\t\t\t\t\t\t\t\t\t\t\t\t<img fetchpriority=\"high\" decoding=\"async\" width=\"300\" height=\"225\" src=\"https:\/\/daroulqouran.fr\/wp-content\/uploads\/2025\/08\/IMG_20240509_111316-300x225.jpg\" class=\"attachment-medium size-medium wp-image-3347\" alt=\"\" srcset=\"https:\/\/daroulqouran.fr\/wp-content\/uploads\/2025\/08\/IMG_20240509_111316-300x225.jpg 300w, https:\/\/daroulqouran.fr\/wp-content\/uploads\/2025\/08\/IMG_20240509_111316-1024x768.jpg 1024w, https:\/\/daroulqouran.fr\/wp-content\/uploads\/2025\/08\/IMG_20240509_111316-768x576.jpg 768w, https:\/\/daroulqouran.fr\/wp-content\/uploads\/2025\/08\/IMG_20240509_111316-1536x1152.jpg 1536w, https:\/\/daroulqouran.fr\/wp-content\/uploads\/2025\/08\/IMG_20240509_111316-2048x1536.jpg 2048w\" sizes=\"(max-width: 300px) 100vw, 300px\" \/>\t\t\t\t\t\t\t\t\t\t\t\t\t\t\t<\/div>\n\t\t\t\t<\/div>\n\t\t\t\t<div class=\"elementor-element elementor-element-d913c96 elementor-widget elementor-widget-heading\" data-id=\"d913c96\" data-element_type=\"widget\" data-widget_type=\"heading.default\">\n\t\t\t\t<div class=\"elementor-widget-container\">\n\t\t\t\t\t<h2 class=\"elementor-heading-title elementor-size-default\">RANDONNEES SPIRITUELLES<\/h2>\t\t\t\t<\/div>\n\t\t\t\t<\/div>\n\t\t\t\t<div class=\"elementor-element elementor-element-544aef3 elementor-widget elementor-widget-text-editor\" data-id=\"544aef3\" data-element_type=\"widget\" data-widget_type=\"text-editor.default\">\n\t\t\t\t<div class=\"elementor-widget-container\">\n\t\t\t\t\t\t\t\t\t<p data-start=\"141\" data-end=\"441\">Depuis <strong data-start=\"148\" data-end=\"160\">mai 2022<\/strong>, notre institut propose des <strong data-start=\"189\" data-end=\"216\">randonn\u00e9es spirituelles<\/strong> en petit comit\u00e9, au c\u0153ur des for\u00eats d\u2019\u00cele-de-France.<\/p><p data-start=\"141\" data-end=\"441\"><br data-start=\"269\" data-end=\"272\" \/>Chaque sortie est construite autour d\u2019un <strong data-start=\"313\" data-end=\"338\">th\u00e8me issu du Qouran<\/strong>, offrant un temps de m\u00e9ditation, de contemplation de la cr\u00e9ation d\u2019Allah et de retour \u00e0 l\u2019essentiel.<\/p><p data-start=\"443\" data-end=\"477\">Ces moments sont l\u2019occasion de :<\/p><ul data-start=\"478\" data-end=\"691\"><li data-start=\"478\" data-end=\"539\"><p data-start=\"480\" data-end=\"539\">Rencontrer des s\u0153urs et partager des instants fraternels,<\/p><\/li><li data-start=\"540\" data-end=\"580\"><p data-start=\"542\" data-end=\"580\">Rompre avec la routine du quotidien,<\/p><\/li><li data-start=\"581\" data-end=\"633\"><p data-start=\"583\" data-end=\"633\">D\u00e9couvrir la nature et s\u2019initier \u00e0 la randonn\u00e9e,<\/p><\/li><li data-start=\"634\" data-end=\"691\"><p data-start=\"636\" data-end=\"691\">\u00c9voluer dans une atmosph\u00e8re sereine et bienveillante.<\/p><\/li><\/ul><p data-start=\"693\" data-end=\"767\">Nous essayons d\u2019offrir ces instants privil\u00e9gi\u00e9s <strong data-start=\"741\" data-end=\"764\">tous les trois mois<\/strong>.<\/p><p data-start=\"693\" data-end=\"767\"><strong>Information : Prochaine randonn\u00e9e :<\/strong><\/p><p data-start=\"106\" data-end=\"285\">Avec le retour du beau temps, nous avons le plaisir de vous annoncer notre prochaine randonn\u00e9e spirituelle qui aura lieu le <strong data-start=\"200\" data-end=\"245\">dimanche 19 avril de 10h \u00e0 17h inchaALLAH<\/strong>, au c\u0153ur d\u2019une for\u00eat d\u2019\u00cele-de-France.<\/p><p data-start=\"287\" data-end=\"392\"><img decoding=\"async\" class=\"emoji\" role=\"img\" draggable=\"false\" src=\"https:\/\/s.w.org\/images\/core\/emoji\/16.0.1\/svg\/1f4cd.svg\" alt=\"\ud83d\udccd\" \/> Le lieu exact sera communiqu\u00e9 apr\u00e8s inscription sur le groupe Telegram.<br data-start=\"361\" data-end=\"364\" \/><img decoding=\"async\" class=\"emoji\" role=\"img\" draggable=\"false\" src=\"https:\/\/s.w.org\/images\/core\/emoji\/16.0.1\/svg\/1f4b6.svg\" alt=\"\ud83d\udcb6\" \/> Participation : <strong data-start=\"383\" data-end=\"390\">15\u20ac<\/strong><\/p><p data-start=\"394\" data-end=\"541\">Un moment privil\u00e9gi\u00e9 pour se reconnecter \u00e0 Allah, m\u00e9diter, et partager une belle journ\u00e9e en pleine nature dans une ambiance douce et fraternelle.<\/p><p data-start=\"394\" data-end=\"541\"><iframe id=\"haWidget\" style=\"width: 100%; height: 750px; border: none;\" src=\"https:\/\/www.helloasso.com\/associations\/lumiere-du-savoir\/evenements\/randonnee-du-19-avril-2026\/widget\" scrolling=\"auto\"><\/iframe><\/p>\t\t\t\t\t\t\t\t<\/div>\n\t\t\t\t<\/div>\n\t\t\t\t\t<\/div>\n\t\t<\/div>\n\t\t\t\t\t<\/div>\n\t\t<\/section>\n\t\t\t\t<\/div>\n\t\t","protected":false},"excerpt":{"rendered":"<p>RANDONNEES SPIRITUELLES Depuis mai 2022, notre institut propose des randonn\u00e9es spirituelles en petit comit\u00e9, au c\u0153ur des for\u00eats d\u2019\u00cele-de-France. Chaque sortie est construite autour d\u2019un th\u00e8me issu du Qouran, offrant un temps de m\u00e9ditation, de contemplation de la cr\u00e9ation d\u2019Allah et de retour \u00e0 l\u2019essentiel. Ces moments sont l\u2019occasion de : Rencontrer des s\u0153urs et [&hellip;]<\/p>\n","protected":false},"author":1,"featured_media":0,"parent":0,"menu_order":0,"comment_status":"closed","ping_status":"closed","template":"menu","meta":{"footnotes":""},"class_list":["post-2777","page","type-page","status-publish","hentry"],"_links":{"self":[{"href":"https:\/\/daroulqouran.fr\/index.php\/wp-json\/wp\/v2\/pages\/2777","targetHints":{"allow":["GET"]}}],"collection":[{"href":"https:\/\/daroulqouran.fr\/index.php\/wp-json\/wp\/v2\/pages"}],"about":[{"href":"https:\/\/daroulqouran.fr\/index.php\/wp-json\/wp\/v2\/types\/page"}],"author":[{"embeddable":true,"href":"https:\/\/daroulqouran.fr\/index.php\/wp-json\/wp\/v2\/users\/1"}],"replies":[{"embeddable":true,"href":"https:\/\/daroulqouran.fr\/index.php\/wp-json\/wp\/v2\/comments?post=2777"}],"version-history":[{"count":22,"href":"https:\/\/daroulqouran.fr\/index.php\/wp-json\/wp\/v2\/pages\/2777\/revisions"}],"predecessor-version":[{"id":3993,"href":"https:\/\/daroulqouran.fr\/index.php\/wp-json\/wp\/v2\/pages\/2777\/revisions\/3993"}],"wp:attachment":[{"href":"https:\/\/daroulqouran.fr\/index.php\/wp-json\/wp\/v2\/media?parent=2777"}],"curies":[{"name":"wp","href":"https:\/\/api.w.org\/{rel}","templated":true}]}}