{"id":2879,"date":"2025-07-23T23:37:40","date_gmt":"2025-07-23T21:37:40","guid":{"rendered":"https:\/\/daroulqouran.fr\/?page_id=2879"},"modified":"2026-03-14T17:29:10","modified_gmt":"2026-03-14T16:29:10","slug":"elementor-2879","status":"publish","type":"page","link":"https:\/\/daroulqouran.fr\/index.php\/elementor-2879\/","title":{"rendered":"MEMORISATION"},"content":{"rendered":"\t\t<div data-elementor-type=\"wp-page\" data-elementor-id=\"2879\" class=\"elementor elementor-2879\">\n\t\t\t\t\t\t<section class=\"elementor-section elementor-top-section elementor-element elementor-element-3d0f6fc elementor-section-boxed elementor-section-height-default elementor-section-height-default\" data-id=\"3d0f6fc\" data-element_type=\"section\">\n\t\t\t\t\t\t<div class=\"elementor-container elementor-column-gap-default\">\n\t\t\t\t\t<div class=\"elementor-column elementor-col-100 elementor-top-column elementor-element elementor-element-49810bc\" data-id=\"49810bc\" data-element_type=\"column\">\n\t\t\t<div class=\"elementor-widget-wrap elementor-element-populated\">\n\t\t\t\t\t\t<div class=\"elementor-element elementor-element-be07c20 elementor-widget elementor-widget-heading\" data-id=\"be07c20\" data-element_type=\"widget\" data-widget_type=\"heading.default\">\n\t\t\t\t<div class=\"elementor-widget-container\">\n\t\t\t\t\t<h2 class=\"elementor-heading-title elementor-size-default\">La m\u00e9morisation du Qouran \u2013 Un chemin lumineux pour le c\u0153ur<\/h2>\t\t\t\t<\/div>\n\t\t\t\t<\/div>\n\t\t\t\t\t<\/div>\n\t\t<\/div>\n\t\t\t\t\t<\/div>\n\t\t<\/section>\n\t\t\t\t<section class=\"elementor-section elementor-top-section elementor-element elementor-element-2824148 elementor-section-boxed elementor-section-height-default elementor-section-height-default\" data-id=\"2824148\" data-element_type=\"section\">\n\t\t\t\t\t\t<div class=\"elementor-container elementor-column-gap-default\">\n\t\t\t\t\t<div class=\"elementor-column elementor-col-100 elementor-top-column elementor-element elementor-element-0dfda4c\" data-id=\"0dfda4c\" data-element_type=\"column\">\n\t\t\t<div class=\"elementor-widget-wrap elementor-element-populated\">\n\t\t\t\t\t\t<div class=\"elementor-element elementor-element-3945464 elementor-widget elementor-widget-text-editor\" data-id=\"3945464\" data-element_type=\"widget\" data-widget_type=\"text-editor.default\">\n\t\t\t\t<div class=\"elementor-widget-container\">\n\t\t\t\t\t\t\t\t\t<h3 data-start=\"97\" data-end=\"160\">Notre bien-aim\u00e9 Proph\u00e8te Mouhammad \ufdfa a dit :<\/h3><p data-start=\"162\" data-end=\"344\"><strong data-start=\"209\" data-end=\"313\">\u00ab Celui qui ne retient dans son c\u0153ur aucune lettre du Qouran est comparable \u00e0 une maison en ruine. \u00bb<\/strong><br data-start=\"313\" data-end=\"316\" \/><em data-start=\"316\" data-end=\"344\">(Rapport\u00e9 par At-Tirmidhi)<\/em><\/p><p data-start=\"346\" data-end=\"628\">\u00c0 travers ce hadith, le Proph\u00e8te \ufdfa nous encourage \u00e0 faire entrer la parole d\u2019Allah dans nos c\u0153urs, que ce soit en m\u00e9morisant quelques sourates ou de larges parties du Qouran. Chaque verset appris est une lumi\u00e8re qui guide nos c\u0153urs et nous rapproche de notre Seigneur.<\/p><p data-start=\"630\" data-end=\"817\">\u00c0 l\u2019Institut Daroul Qouran, nous accompagnons chaque femme et chaque enfant dans ce noble cheminement \u00e0 travers <strong data-start=\"742\" data-end=\"813\">des modules de m\u00e9morisation adapt\u00e9s \u00e0 tous les niveaux et objectifs<\/strong> :<\/p><ul data-start=\"819\" data-end=\"968\"><li data-start=\"819\" data-end=\"889\"><p data-start=\"821\" data-end=\"889\"><strong data-start=\"821\" data-end=\"846\">Des cours individuels (sous conditions)<\/strong>\u00a0pour un suivi personnalis\u00e9 et flexible.<\/p><\/li><li data-start=\"890\" data-end=\"968\"><p data-start=\"892\" data-end=\"968\"><strong data-start=\"892\" data-end=\"915\">Des cours en groupe<\/strong>, pour progresser ensemble et garder la motivation.<\/p><\/li><\/ul><p>\u00a0Chaque \u00e9l\u00e8ve, en groupe ou en individuel, trouve un parcours sur mesure pour\u00a0progresser dans la m\u00e9morisation du Qouran.<\/p><p>\u2192 D\u00e9couvrez les diff\u00e9rents programmes du cursus de m\u00e9morisation.<\/p>\t\t\t\t\t\t\t\t<\/div>\n\t\t\t\t<\/div>\n\t\t\t\t\t<\/div>\n\t\t<\/div>\n\t\t\t\t\t<\/div>\n\t\t<\/section>\n\t\t\t\t<section class=\"elementor-section elementor-top-section elementor-element elementor-element-22ad645 elementor-section-boxed elementor-section-height-default elementor-section-height-default\" data-id=\"22ad645\" data-element_type=\"section\">\n\t\t\t\t\t\t<div class=\"elementor-container elementor-column-gap-default\">\n\t\t\t\t\t<div class=\"elementor-column elementor-col-100 elementor-top-column elementor-element elementor-element-5d04545\" data-id=\"5d04545\" data-element_type=\"column\">\n\t\t\t<div class=\"elementor-widget-wrap elementor-element-populated\">\n\t\t\t\t\t\t<div class=\"elementor-element elementor-element-c320f9f elementor-tabs-view-horizontal elementor-widget elementor-widget-tabs\" data-id=\"c320f9f\" data-element_type=\"widget\" data-widget_type=\"tabs.default\">\n\t\t\t\t<div class=\"elementor-widget-container\">\n\t\t\t\t\t\t\t<div class=\"elementor-tabs\">\n\t\t\t<div class=\"elementor-tabs-wrapper\" role=\"tablist\" >\n\t\t\t\t\t\t\t\t\t<div id=\"elementor-tab-title-2041\" class=\"elementor-tab-title elementor-tab-desktop-title\" aria-selected=\"true\" data-tab=\"1\" role=\"tab\" tabindex=\"0\" aria-controls=\"elementor-tab-content-2041\" aria-expanded=\"false\">SUIVI INDIVIDUEL<\/div>\n\t\t\t\t\t\t\t\t\t<div id=\"elementor-tab-title-2042\" class=\"elementor-tab-title elementor-tab-desktop-title\" aria-selected=\"false\" data-tab=\"2\" role=\"tab\" tabindex=\"-1\" aria-controls=\"elementor-tab-content-2042\" aria-expanded=\"false\">SOURATE AL-KAHF<\/div>\n\t\t\t\t\t\t\t<\/div>\n\t\t\t<div class=\"elementor-tabs-content-wrapper\" role=\"tablist\" aria-orientation=\"vertical\">\n\t\t\t\t\t\t\t\t\t<div class=\"elementor-tab-title elementor-tab-mobile-title\" aria-selected=\"true\" data-tab=\"1\" role=\"tab\" tabindex=\"0\" aria-controls=\"elementor-tab-content-2041\" aria-expanded=\"false\">SUIVI INDIVIDUEL<\/div>\n\t\t\t\t\t<div id=\"elementor-tab-content-2041\" class=\"elementor-tab-content elementor-clearfix\" data-tab=\"1\" role=\"tabpanel\" aria-labelledby=\"elementor-tab-title-2041\" tabindex=\"0\" hidden=\"false\"><p>\u00a0<strong>PRE-REQUIS :<\/strong><\/p><ul><li>Avoir une lecture fluide (savoir lire l&rsquo;arabe, avoir \u00e9tudi\u00e9 et corrig\u00e9 sa prononciation des lettres) et \u00e9tudi\u00e9 les r\u00e8gles de Hafs.<\/li><li>Autonomie, rigueur, motivation.<\/li><li>Apprentissage d&rsquo;une demi-page minimum par semaine.<\/li><\/ul><p><strong>PROGRAMME :<\/strong><\/p><ul><li>R\u00e9citation des parties m\u00e9moris\u00e9es.<\/li><li>R\u00e9vision des parties apprises.<\/li><li>Tajwid th\u00e9orique.\u00a0<\/li><li>Tajwid pratique.<\/li><li>Une s\u00e9ance de tafsir par semaine.<\/li><\/ul><p><strong>JOUR ET HEURE DU COURS :<\/strong><\/p><ul><li>Rendez-vous individuel de 25 minutes par semaine.<\/li><li>Cours th\u00e9orique et pratique de tajweed (en groupe) : Mercredi de 21h15 \u00e0 22h15.<\/li><li>S\u00e9ance de tafsir : Vendredi de 21h15 \u00e0 22h00.<\/li><\/ul><p>* La participation \u00e0 toutes ces mati\u00e8res est <strong>OBLIGATOIRE<\/strong>.<\/p><p><strong>TARIF :<\/strong><\/p><ul><li><strong>126\u20ac<\/strong> la session soit <strong>42\u20ac<\/strong> par mois*.<\/li><\/ul><ul><li><em>Des frais de dossier de <strong>10\u20ac<\/strong> sont \u00e0 payer lors de la 1\u00e8re inscription au sein de l\u2019institut (Cochez l\u2019option frais de dossier lors du paiement).<\/em><\/li><\/ul><ul><li><strong>CODE PROMO<\/strong> : Daroul Qouran remet en place le code promo lorsque plusieurs membres d\u2019une famille s\u2019inscrivent <strong>(Mere+Enfant ou enfant+enfant)<\/strong> : pour en b\u00e9n\u00e9ficier inscrivez le code promo : <strong>FAMILLE<\/strong> lors de la proc\u00e9dure de paiement.<\/li><\/ul><p>*<em>Possibilit\u00e9 de payer la cotisation en plusieurs fois.(Veuillez prendre connaissance des dates de pr\u00e9l\u00e8vement sur le site Hello Asso).<\/em><\/p><p><strong>RE-INSCRIPTION EN SESSION 3 :\u00a0<\/strong><\/p><ul><li><a href=\"https:\/\/www.helloasso.com\/associations\/lumiere-du-savoir\/adhesions\/session3-suivi-de-memo\" target=\"_blank\" rel=\"noopener\"><span style=\"text-decoration: underline;\">Cliquez ici.<\/span><\/a><\/li><\/ul><\/div>\n\t\t\t\t\t\t\t\t\t<div class=\"elementor-tab-title elementor-tab-mobile-title\" aria-selected=\"false\" data-tab=\"2\" role=\"tab\" tabindex=\"-1\" aria-controls=\"elementor-tab-content-2042\" aria-expanded=\"false\">SOURATE AL-KAHF<\/div>\n\t\t\t\t\t<div id=\"elementor-tab-content-2042\" class=\"elementor-tab-content elementor-clearfix\" data-tab=\"2\" role=\"tabpanel\" aria-labelledby=\"elementor-tab-title-2042\" tabindex=\"0\" hidden=\"hidden\"><p>Le Proph\u00e8te \ufdfa a recommand\u00e9 la r\u00e9citation de Sourate Al-Kahf chaque vendredi, car elle est une lumi\u00e8re pour celle qui la lit et la m\u00e9dite.<\/p><p data-start=\"311\" data-end=\"478\">Afin de faciliter cet apprentissage, l\u2019Institut Daroul Qouran propose un module d\u00e9di\u00e9 \u00e0 la <strong data-start=\"402\" data-end=\"458\">m\u00e9morisation compl\u00e8te de Sourate Al-Kahf sur l\u2019ann\u00e9e<\/strong>, en petit groupe.<\/p><p data-start=\"480\" data-end=\"662\">L\u2019objectif est d\u2019apprendre progressivement, \u00e0 un rythme doux et r\u00e9gulier, pour permettre une <strong data-start=\"573\" data-end=\"607\">m\u00e9morisation solide et durable<\/strong>, tout en restant motiv\u00e9e gr\u00e2ce au travail collectif.<\/p><p data-start=\"457\" data-end=\"475\"><strong data-start=\"457\" data-end=\"473\">PRE-REQUIS :<\/strong><\/p><ul data-start=\"476\" data-end=\"660\"><li data-start=\"476\" data-end=\"528\"><p data-start=\"478\" data-end=\"528\">Une motivation r\u00e9elle et un engagement r\u00e9gulier.<\/p><\/li><li data-start=\"529\" data-end=\"592\"><p data-start=\"531\" data-end=\"592\">Une lecture fluide du Qouran (pas de confusion de lettres).<\/p><\/li><li data-start=\"593\" data-end=\"660\"><p data-start=\"595\" data-end=\"660\">\u00catre capable de m\u00e9moriser <strong data-start=\"621\" data-end=\"657\">au minimum 4 versets par semaine<\/strong>.<\/p><\/li><\/ul><p data-start=\"662\" data-end=\"692\"><strong data-start=\"662\" data-end=\"690\">PROGRAMME :<\/strong><\/p><ol data-start=\"693\" data-end=\"1054\"><li data-start=\"693\" data-end=\"813\"><p data-start=\"696\" data-end=\"813\"><strong data-start=\"696\" data-end=\"723\">Apprentissage en groupe<\/strong> : m\u00e9morisation collective et r\u00e9p\u00e9tition des versets chaque semaine (environ 4 versets).<\/p><\/li><li data-start=\"814\" data-end=\"946\"><p data-start=\"817\" data-end=\"946\"><strong data-start=\"817\" data-end=\"846\">R\u00e9vision et consolidation<\/strong> : des s\u00e9ances d\u00e9di\u00e9es pour r\u00e9viser les passages pr\u00e9c\u00e9demment appris et renforcer la m\u00e9morisation.<\/p><\/li><li data-start=\"947\" data-end=\"1054\"><p data-start=\"950\" data-end=\"1054\"><strong data-start=\"950\" data-end=\"977\">R\u00e9citations collectives<\/strong> : mise en commun de la r\u00e9citation pour s\u2019entraider et progresser ensemble.<\/p><\/li><\/ol><p data-start=\"1056\" data-end=\"1155\"><strong data-start=\"1056\" data-end=\"1067\">DUREE :<\/strong><\/p><ul><li data-start=\"1056\" data-end=\"1155\">30 s\u00e9ances sur 8 mois (environ 4 versets par semaine, avec des semaines de r\u00e9vision).<\/li><\/ul><p data-start=\"1056\" data-end=\"1155\"><strong>PLANNING :\u00a0<\/strong><\/p><ul><li data-start=\"1056\" data-end=\"1155\">Le mardi de 21h15 \u00e0 22h15\u00a0<\/li><\/ul><p><strong>EFFECTIF :\u00a0<\/strong><\/p><ul><li>10 \u00e9l\u00e8ves<\/li><\/ul><p><strong>TARIF :\u00a0<\/strong><\/p><ul><li><strong>99\u20ac*<\/strong> la session soit <strong>33\u20ac<\/strong> par mois.<\/li><\/ul><ul><li><em>Des frais de dossier de <strong>10\u20ac<\/strong> sont \u00e0 payer lors de la 1\u00e8re inscription au sein de l\u2019institut (Cochez l\u2019option frais de dossier lors du paiement).<\/em><\/li><li><strong>CODE PROMO<\/strong> : Daroul Qouran remet en place le code promo lorsque plusieurs membres d\u2019une famille s\u2019inscrivent <strong>(Mere+Enfant ou enfant+enfant)<\/strong> : pour en b\u00e9n\u00e9ficier inscrivez le code promo : <strong>FAMILLE<\/strong> lors de la proc\u00e9dure de paiement.<\/li><\/ul><p>*<em>Possibilit\u00e9 de payer la cotisation en plusieurs fois.(Veuillez prendre connaissance des dates de pr\u00e9l\u00e8vement sur le site Hello Asso).<\/em><\/p><p><strong>RE-INSCRIPTION EN SESSION 3 :\u00a0\u00a0<\/strong><\/p><ul><li><a href=\"https:\/\/www.helloasso.com\/associations\/lumiere-du-savoir\/adhesions\/session3-memo-al-kahf\" target=\"_blank\" rel=\"noopener\"><span style=\"text-decoration: underline;\">Cliquez ici.<\/span><\/a><\/li><\/ul><\/div>\n\t\t\t\t\t\t\t<\/div>\n\t\t<\/div>\n\t\t\t\t\t\t<\/div>\n\t\t\t\t<\/div>\n\t\t\t\t\t<\/div>\n\t\t<\/div>\n\t\t\t\t\t<\/div>\n\t\t<\/section>\n\t\t\t\t<\/div>\n\t\t","protected":false},"excerpt":{"rendered":"<p>La m\u00e9morisation du Qouran \u2013 Un chemin lumineux pour le c\u0153ur Notre bien-aim\u00e9 Proph\u00e8te Mouhammad \ufdfa a dit : \u00ab Celui qui ne retient dans son c\u0153ur aucune lettre du Qouran est comparable \u00e0 une maison en ruine. \u00bb(Rapport\u00e9 par At-Tirmidhi) \u00c0 travers ce hadith, le Proph\u00e8te \ufdfa nous encourage \u00e0 faire entrer la parole [&hellip;]<\/p>\n","protected":false},"author":1,"featured_media":0,"parent":0,"menu_order":0,"comment_status":"closed","ping_status":"closed","template":"menu","meta":{"footnotes":""},"class_list":["post-2879","page","type-page","status-publish","hentry"],"_links":{"self":[{"href":"https:\/\/daroulqouran.fr\/index.php\/wp-json\/wp\/v2\/pages\/2879","targetHints":{"allow":["GET"]}}],"collection":[{"href":"https:\/\/daroulqouran.fr\/index.php\/wp-json\/wp\/v2\/pages"}],"about":[{"href":"https:\/\/daroulqouran.fr\/index.php\/wp-json\/wp\/v2\/types\/page"}],"author":[{"embeddable":true,"href":"https:\/\/daroulqouran.fr\/index.php\/wp-json\/wp\/v2\/users\/1"}],"replies":[{"embeddable":true,"href":"https:\/\/daroulqouran.fr\/index.php\/wp-json\/wp\/v2\/comments?post=2879"}],"version-history":[{"count":60,"href":"https:\/\/daroulqouran.fr\/index.php\/wp-json\/wp\/v2\/pages\/2879\/revisions"}],"predecessor-version":[{"id":3956,"href":"https:\/\/daroulqouran.fr\/index.php\/wp-json\/wp\/v2\/pages\/2879\/revisions\/3956"}],"wp:attachment":[{"href":"https:\/\/daroulqouran.fr\/index.php\/wp-json\/wp\/v2\/media?parent=2879"}],"curies":[{"name":"wp","href":"https:\/\/api.w.org\/{rel}","templated":true}]}}