{"id":3055,"date":"2025-07-27T01:31:45","date_gmt":"2025-07-26T23:31:45","guid":{"rendered":"https:\/\/daroulqouran.fr\/?page_id=3055"},"modified":"2025-12-06T23:27:33","modified_gmt":"2025-12-06T22:27:33","slug":"qiraates","status":"publish","type":"page","link":"https:\/\/daroulqouran.fr\/index.php\/qiraates\/","title":{"rendered":"QIRAATES"},"content":{"rendered":"\t\t<div data-elementor-type=\"wp-page\" data-elementor-id=\"3055\" class=\"elementor elementor-3055\">\n\t\t\t\t\t\t<section class=\"elementor-section elementor-top-section elementor-element elementor-element-c336394 elementor-section-boxed elementor-section-height-default elementor-section-height-default\" data-id=\"c336394\" data-element_type=\"section\">\n\t\t\t\t\t\t<div class=\"elementor-container elementor-column-gap-default\">\n\t\t\t\t\t<div class=\"elementor-column elementor-col-100 elementor-top-column elementor-element elementor-element-6d660e8\" data-id=\"6d660e8\" data-element_type=\"column\">\n\t\t\t<div class=\"elementor-widget-wrap elementor-element-populated\">\n\t\t\t\t\t\t<div class=\"elementor-element elementor-element-29d8628 elementor-widget elementor-widget-heading\" data-id=\"29d8628\" data-element_type=\"widget\" data-widget_type=\"heading.default\">\n\t\t\t\t<div class=\"elementor-widget-container\">\n\t\t\t\t\t<h2 class=\"elementor-heading-title elementor-size-default\">D\u00e9couvrir les diff\u00e9rentes lectures du Qouran<\/h2>\t\t\t\t<\/div>\n\t\t\t\t<\/div>\n\t\t\t\t\t<\/div>\n\t\t<\/div>\n\t\t\t\t\t<\/div>\n\t\t<\/section>\n\t\t\t\t<section class=\"elementor-section elementor-top-section elementor-element elementor-element-6046414 elementor-section-boxed elementor-section-height-default elementor-section-height-default\" data-id=\"6046414\" data-element_type=\"section\">\n\t\t\t\t\t\t<div class=\"elementor-container elementor-column-gap-default\">\n\t\t\t\t\t<div class=\"elementor-column elementor-col-100 elementor-top-column elementor-element elementor-element-0e10416\" data-id=\"0e10416\" data-element_type=\"column\">\n\t\t\t<div class=\"elementor-widget-wrap elementor-element-populated\">\n\t\t\t\t\t\t<div class=\"elementor-element elementor-element-f117736 elementor-widget elementor-widget-text-editor\" data-id=\"f117736\" data-element_type=\"widget\" data-widget_type=\"text-editor.default\">\n\t\t\t\t<div class=\"elementor-widget-container\">\n\t\t\t\t\t\t\t\t\t<p data-start=\"211\" data-end=\"430\">Ce cursus a pour objectif de faire d\u00e9couvrir et ma\u00eetriser l\u2019ensemble des <strong data-start=\"284\" data-end=\"306\">Qiraates et Riwaayaates<\/strong> (lectures et variantes du Qouran), \u00e9tudi\u00e9es \u00e0 la fois <strong data-start=\"365\" data-end=\"394\">en th\u00e9orie et en pratique<\/strong>, chacune de mani\u00e8re ind\u00e9pendante.<\/p><p data-start=\"432\" data-end=\"656\">L\u2019objectif est de <strong data-start=\"450\" data-end=\"489\">rendre accessibles aux femmes francophones<\/strong> ces diff\u00e9rentes lectures authentiques transmises par notre Noble Proph\u00e8te \ufdfa, et de permettre aux \u00e9tudiantes de se familiariser avec leur richesse et leur diversit\u00e9.<\/p><p data-start=\"658\" data-end=\"842\">La <strong data-start=\"661\" data-end=\"677\">Riwayah Hafs<\/strong>, la plus r\u00e9pandue dans le monde, constitue la base de ce parcours\u202f: son \u00e9tude th\u00e9orique et pratique servira de fondation avant d\u2019aborder les autres lectures.<\/p><p data-start=\"658\" data-end=\"842\">Chaque variante sera \u00e9tudi\u00e9e s\u00e9par\u00e9ment afin de permettre une ma\u00eetrise compl\u00e8te de ses r\u00e8gles sp\u00e9cifiques.<br data-start=\"185\" data-end=\"188\" \/>Nous d\u00e9buterons par <strong data-start=\"240\" data-end=\"260\">la riwayah Warch<\/strong>, premi\u00e8re \u00e9tape de ce cursus.<\/p><p data-start=\"658\" data-end=\"842\">Les autres variantes seront ensuite propos\u00e9es progressivement, afin de compl\u00e9ter l\u2019\u00e9tude des diff\u00e9rentes lectures du Qouran.<\/p><p data-start=\"658\" data-end=\"842\">\u00a0<\/p>\t\t\t\t\t\t\t\t<\/div>\n\t\t\t\t<\/div>\n\t\t\t\t<div class=\"elementor-element elementor-element-9bd93b5 elementor-widget elementor-widget-accordion\" data-id=\"9bd93b5\" data-element_type=\"widget\" data-widget_type=\"accordion.default\">\n\t\t\t\t<div class=\"elementor-widget-container\">\n\t\t\t\t\t\t\t<div class=\"elementor-accordion\">\n\t\t\t\t\t\t\t<div class=\"elementor-accordion-item\">\n\t\t\t\t\t<div id=\"elementor-tab-title-1631\" class=\"elementor-tab-title\" data-tab=\"1\" role=\"button\" aria-controls=\"elementor-tab-content-1631\" aria-expanded=\"false\">\n\t\t\t\t\t\t\t\t\t\t\t\t\t<span class=\"elementor-accordion-icon elementor-accordion-icon-left\" aria-hidden=\"true\">\n\t\t\t\t\t\t\t\t\t\t\t\t\t\t\t<span class=\"elementor-accordion-icon-closed\"><i class=\"fas fa-plus\"><\/i><\/span>\n\t\t\t\t\t\t\t\t<span class=\"elementor-accordion-icon-opened\"><i class=\"fas fa-minus\"><\/i><\/span>\n\t\t\t\t\t\t\t\t\t\t\t\t\t\t<\/span>\n\t\t\t\t\t\t\t\t\t\t\t\t<a class=\"elementor-accordion-title\" tabindex=\"0\">WARCH<\/a>\n\t\t\t\t\t<\/div>\n\t\t\t\t\t<div id=\"elementor-tab-content-1631\" class=\"elementor-tab-content elementor-clearfix\" data-tab=\"1\" role=\"region\" aria-labelledby=\"elementor-tab-title-1631\"><p>La riwayah Warch est l\u2019une des lectures les plus connues et r\u00e9pandues dans le monde musulman apr\u00e8s la riwayah Hafs.<\/p><p>Elle est particuli\u00e8rement lue en Afrique du Nord et en Afrique subsaharienne.<\/p><p>Ce module permettra aux \u00e9tudiantes de d\u00e9couvrir et ma\u00eetriser cette lecture authentique, en \u00e9tudiant ses r\u00e8gles particuli\u00e8res et en les appliquant \u00e0 la r\u00e9citation du Qouran.<\/p><p><strong>PRE-REQUIS :\u00a0<\/strong><\/p><ul><li data-start=\"652\" data-end=\"775\"><p data-start=\"654\" data-end=\"775\">Avoir \u00e9tudi\u00e9 les chapitres de la riwayah Hafs (points d\u2019articulation, caract\u00e9ristiques, prolongations, r\u00e8gles du \u201cR\u00e2\u201d).<\/p><\/li><li data-start=\"776\" data-end=\"815\"><p data-start=\"778\" data-end=\"815\">Avoir une lecture fluide.<\/p><\/li><li data-start=\"816\" data-end=\"881\"><p data-start=\"818\" data-end=\"881\">\u00catre motiv\u00e9e et capable de suivre un rythme r\u00e9gulier d\u2019\u00e9tude.<\/p><\/li><\/ul><p><strong>PROGRAMME :\u00a0<\/strong><\/p><ul><li>Etude th\u00e9orique des r\u00e8gles de tajweed.<\/li><li>Application pratique des r\u00e8gles \u00e0 travers la lecture du Qouran.<\/li><\/ul><p><strong>EFFECTIF :\u00a0<\/strong><\/p><ul><li>12 \u00e9l\u00e8ves.<\/li><\/ul><p><strong>JOUR ET HEURE DU COURS :<\/strong><\/p><ul><li><em>Planning \u00e0 venir&#8230;<\/em><\/li><\/ul><p><strong>TARIF :<\/strong><\/p><ul><li>135\u20ac la session soit 45\u20ac par mois*<\/li><\/ul><ul><li><em>Des frais de dossier de <strong>10\u20ac<\/strong> sont \u00e0 payer lors de la 1\u00e8re inscription au sein de l\u2019institut (Cochez l\u2019option frais de dossier lors du paiement).<\/em><\/li><\/ul><ul><li><strong>CODE PROMO<\/strong> : Daroul Qouran remet en place le code promo lorsque plusieurs membres d\u2019une famille s\u2019inscrivent <strong>(Mere+Enfant ou enfant+enfant)<\/strong> : pour en b\u00e9n\u00e9ficier inscrivez le code promo : <strong>FAMILLE<\/strong> lors de la proc\u00e9dure de paiement.<\/li><\/ul><p>*<em>Possibilit\u00e9 de payer la cotisation en plusieurs fois.<\/em><\/p><p><strong>INSCRIPTION :\u00a0<\/strong><\/p><ul><li>Cliquez ici.<\/li><\/ul><\/div>\n\t\t\t\t<\/div>\n\t\t\t\t\t\t\t\t<\/div>\n\t\t\t\t\t\t<\/div>\n\t\t\t\t<\/div>\n\t\t\t\t\t<\/div>\n\t\t<\/div>\n\t\t\t\t\t<\/div>\n\t\t<\/section>\n\t\t\t\t<\/div>\n\t\t","protected":false},"excerpt":{"rendered":"<p>D\u00e9couvrir les diff\u00e9rentes lectures du Qouran Ce cursus a pour objectif de faire d\u00e9couvrir et ma\u00eetriser l\u2019ensemble des Qiraates et Riwaayaates (lectures et variantes du Qouran), \u00e9tudi\u00e9es \u00e0 la fois en th\u00e9orie et en pratique, chacune de mani\u00e8re ind\u00e9pendante. L\u2019objectif est de rendre accessibles aux femmes francophones ces diff\u00e9rentes lectures authentiques transmises par notre Noble [&hellip;]<\/p>\n","protected":false},"author":1,"featured_media":0,"parent":0,"menu_order":0,"comment_status":"closed","ping_status":"closed","template":"menu","meta":{"footnotes":""},"class_list":["post-3055","page","type-page","status-publish","hentry"],"_links":{"self":[{"href":"https:\/\/daroulqouran.fr\/index.php\/wp-json\/wp\/v2\/pages\/3055","targetHints":{"allow":["GET"]}}],"collection":[{"href":"https:\/\/daroulqouran.fr\/index.php\/wp-json\/wp\/v2\/pages"}],"about":[{"href":"https:\/\/daroulqouran.fr\/index.php\/wp-json\/wp\/v2\/types\/page"}],"author":[{"embeddable":true,"href":"https:\/\/daroulqouran.fr\/index.php\/wp-json\/wp\/v2\/users\/1"}],"replies":[{"embeddable":true,"href":"https:\/\/daroulqouran.fr\/index.php\/wp-json\/wp\/v2\/comments?post=3055"}],"version-history":[{"count":19,"href":"https:\/\/daroulqouran.fr\/index.php\/wp-json\/wp\/v2\/pages\/3055\/revisions"}],"predecessor-version":[{"id":3833,"href":"https:\/\/daroulqouran.fr\/index.php\/wp-json\/wp\/v2\/pages\/3055\/revisions\/3833"}],"wp:attachment":[{"href":"https:\/\/daroulqouran.fr\/index.php\/wp-json\/wp\/v2\/media?parent=3055"}],"curies":[{"name":"wp","href":"https:\/\/api.w.org\/{rel}","templated":true}]}}