{"id":3779,"date":"2025-12-01T23:12:28","date_gmt":"2025-12-01T22:12:28","guid":{"rendered":"https:\/\/daroulqouran.fr\/?page_id=3779"},"modified":"2025-12-09T23:55:55","modified_gmt":"2025-12-09T22:55:55","slug":"masjid-en-ligne","status":"publish","type":"page","link":"https:\/\/daroulqouran.fr\/index.php\/masjid-en-ligne\/","title":{"rendered":"Notre masjid- kids"},"content":{"rendered":"\t\t<div data-elementor-type=\"wp-page\" data-elementor-id=\"3779\" class=\"elementor elementor-3779\">\n\t\t\t\t\t\t<section class=\"elementor-section elementor-top-section elementor-element elementor-element-dbf814f elementor-section-boxed elementor-section-height-default elementor-section-height-default\" data-id=\"dbf814f\" data-element_type=\"section\">\n\t\t\t\t\t\t<div class=\"elementor-container elementor-column-gap-default\">\n\t\t\t\t\t<div class=\"elementor-column elementor-col-100 elementor-top-column elementor-element elementor-element-d49167d\" data-id=\"d49167d\" data-element_type=\"column\">\n\t\t\t<div class=\"elementor-widget-wrap elementor-element-populated\">\n\t\t\t\t\t\t<div class=\"elementor-element elementor-element-684e7c1 elementor-widget elementor-widget-heading\" data-id=\"684e7c1\" data-element_type=\"widget\" data-widget_type=\"heading.default\">\n\t\t\t\t<div class=\"elementor-widget-container\">\n\t\t\t\t\t<h2 class=\"elementor-heading-title elementor-size-default\">Le Masjid en ligne de l\u2019Institut Daroul Qouran<\/h2>\t\t\t\t<\/div>\n\t\t\t\t<\/div>\n\t\t\t\t<div class=\"elementor-element elementor-element-0b49c5c elementor-widget elementor-widget-text-editor\" data-id=\"0b49c5c\" data-element_type=\"widget\" data-widget_type=\"text-editor.default\">\n\t\t\t\t<div class=\"elementor-widget-container\">\n\t\t\t\t\t\t\t\t\t<p data-start=\"643\" data-end=\"888\">Bienvenue dans le Masjid en ligne d\u00e9di\u00e9 aux enfants, un espace pens\u00e9 pour leur offrir un lieu de d\u00e9couverte, de spiritualit\u00e9 et d\u2019apprentissage autour du Qouran \u2014 depuis la maison, comme s\u2019ils entraient dans un petit masjid qui leur est r\u00e9serv\u00e9.<\/p><p data-start=\"890\" data-end=\"929\">Dans cet espace, les enfants pourront :<\/p><ul data-start=\"931\" data-end=\"1170\"><li data-start=\"931\" data-end=\"1002\"><p data-start=\"933\" data-end=\"1002\">\u00e9couter des <strong data-start=\"945\" data-end=\"971\">histoires proph\u00e9tiques<\/strong> et des <strong data-start=\"979\" data-end=\"999\">r\u00e9cits du Qouran<\/strong>,<\/p><\/li><li data-start=\"1003\" data-end=\"1047\"><p data-start=\"1005\" data-end=\"1047\">participer \u00e0 des <strong data-start=\"1022\" data-end=\"1044\">activit\u00e9s ludiques<\/strong>,<\/p><\/li><li data-start=\"1048\" data-end=\"1087\"><p data-start=\"1050\" data-end=\"1087\">apprendre \u00e0 aimer le Livre d\u2019Allah,<\/p><\/li><li data-start=\"1088\" data-end=\"1170\"><p data-start=\"1090\" data-end=\"1170\">et avancer dans leur compr\u00e9hension de la religion avec douceur et bienveillance.<\/p><\/li><\/ul><p data-start=\"1172\" data-end=\"1449\">Notre intention est de cr\u00e9er un environnement o\u00f9 chaque enfant se sent accueilli, encourag\u00e9 et heureux d\u2019apprendre la religion. Un lieu o\u00f9 l&rsquo;on cultive l\u2019amour du Qouran, o\u00f9 l\u2019on apprend en s\u2019amusant, et o\u00f9 l\u2019on d\u00e9veloppe de belles habitudes spirituelles d\u00e8s le plus jeune \u00e2ge.<\/p><p data-start=\"1451\" data-end=\"1493\">Le Masjid en ligne des enfants proposera :<\/p><ul data-start=\"1495\" data-end=\"1720\"><li data-start=\"1495\" data-end=\"1546\"><p data-start=\"1497\" data-end=\"1546\">\ud83d\udcd8 <strong data-start=\"1500\" data-end=\"1544\">Des cours adapt\u00e9s \u00e0 chaque tranche d\u2019\u00e2ge<\/strong><\/p><\/li><li data-start=\"1547\" data-end=\"1614\"><p data-start=\"1549\" data-end=\"1614\">\ud83e\udde9 <strong data-start=\"1552\" data-end=\"1582\">Des activit\u00e9s interactives<\/strong> pour ancrer les connaissances<\/p><\/li><li data-start=\"1615\" data-end=\"1720\"><p data-start=\"1617\" data-end=\"1720\">\ud83c\udfa5 <strong data-start=\"1620\" data-end=\"1646\">Des moments collectifs<\/strong> o\u00f9 les enfants apprennent ensemble, dans un cadre respectueux et motivant<\/p><\/li><\/ul><p data-start=\"1722\" data-end=\"1818\">Un espace lumineux, \u00e9ducatif et spirituel\u2026<br data-start=\"1764\" data-end=\"1767\" \/><strong data-start=\"1767\" data-end=\"1818\">Leur petit masjid, accessible o\u00f9 qu\u2019ils soient&#8230;<\/strong><\/p>\t\t\t\t\t\t\t\t<\/div>\n\t\t\t\t<\/div>\n\t\t\t\t\t<\/div>\n\t\t<\/div>\n\t\t\t\t\t<\/div>\n\t\t<\/section>\n\t\t\t\t<section class=\"elementor-section elementor-top-section elementor-element elementor-element-1a62e20 elementor-section-boxed elementor-section-height-default elementor-section-height-default\" data-id=\"1a62e20\" data-element_type=\"section\">\n\t\t\t\t\t\t<div class=\"elementor-container elementor-column-gap-default\">\n\t\t\t\t\t<div class=\"elementor-column elementor-col-100 elementor-top-column elementor-element elementor-element-1790dd1\" data-id=\"1790dd1\" data-element_type=\"column\">\n\t\t\t<div class=\"elementor-widget-wrap elementor-element-populated\">\n\t\t\t\t\t\t<div class=\"elementor-element elementor-element-afc60dc elementor-widget elementor-widget-heading\" data-id=\"afc60dc\" data-element_type=\"widget\" data-widget_type=\"heading.default\">\n\t\t\t\t<div class=\"elementor-widget-container\">\n\t\t\t\t\t<h2 class=\"elementor-heading-title elementor-size-default\">Pour nos enfants<\/h2>\t\t\t\t<\/div>\n\t\t\t\t<\/div>\n\t\t\t\t\t<\/div>\n\t\t<\/div>\n\t\t\t\t\t<\/div>\n\t\t<\/section>\n\t\t\t\t<section class=\"elementor-section elementor-top-section elementor-element elementor-element-4472506 elementor-section-boxed elementor-section-height-default elementor-section-height-default\" data-id=\"4472506\" data-element_type=\"section\">\n\t\t\t\t\t\t<div class=\"elementor-container elementor-column-gap-default\">\n\t\t\t\t\t<div class=\"elementor-column elementor-col-100 elementor-top-column elementor-element elementor-element-fbbfcb9\" data-id=\"fbbfcb9\" data-element_type=\"column\">\n\t\t\t<div class=\"elementor-widget-wrap elementor-element-populated\">\n\t\t\t\t\t\t<section class=\"elementor-section elementor-inner-section elementor-element elementor-element-ad1b1d0 elementor-section-boxed elementor-section-height-default elementor-section-height-default\" data-id=\"ad1b1d0\" data-element_type=\"section\">\n\t\t\t\t\t\t<div class=\"elementor-container elementor-column-gap-default\">\n\t\t\t\t\t<div class=\"elementor-column elementor-col-100 elementor-inner-column elementor-element elementor-element-a5e01a2\" data-id=\"a5e01a2\" data-element_type=\"column\">\n\t\t\t<div class=\"elementor-widget-wrap elementor-element-populated\">\n\t\t\t\t\t\t<div class=\"elementor-element elementor-element-ed4ac08 elementor-widget elementor-widget-text-editor\" data-id=\"ed4ac08\" data-element_type=\"widget\" data-widget_type=\"text-editor.default\">\n\t\t\t\t<div class=\"elementor-widget-container\">\n\t\t\t\t\t\t\t\t\t<p data-start=\"281\" data-end=\"649\">Durant les derniers mois de Ramadan, Daroul Qouran avait mis en place des assises pour permettre \u00e0 nos enfants d\u2019en apprendre davantage sur le Livre d\u2019Allah.<br data-start=\"438\" data-end=\"441\" \/>Face \u00e0 leur enthousiasme et \u00e0 la beaut\u00e9 de ces moments, nous avons d\u00e9cid\u00e9 de poursuivre ces rencontres tout au long de l\u2019ann\u00e9e, car le lien avec le Qouran est essentiel et ne se limite pas au mois de Ramadan.<\/p><p data-start=\"651\" data-end=\"754\">Vos enfants seront accompagn\u00e9s \u00e0 travers des assises o\u00f9 ils d\u00e9couvriront le Livre d\u2019Allah au moyen de :<\/p><p style=\"text-align: left;\">\u00a0<\/p><ul><li data-start=\"756\" data-end=\"790\"><p data-start=\"758\" data-end=\"790\">\ud83d\udcd8 <strong data-start=\"761\" data-end=\"788\">Histoires des proph\u00e8tes<\/strong><\/p><\/li><li data-start=\"791\" data-end=\"818\"><p data-start=\"793\" data-end=\"818\">\ud83c\udf1f <strong data-start=\"796\" data-end=\"816\">R\u00e9cits du Qouran<\/strong><\/p><\/li><li data-start=\"819\" data-end=\"873\"><p data-start=\"821\" data-end=\"873\">\u2753 <strong data-start=\"823\" data-end=\"841\">Quizz ludiques<\/strong> pour ancrer les connaissances<\/p><\/li><li data-start=\"874\" data-end=\"945\"><p data-start=\"876\" data-end=\"945\">\ud83c\udfaf <strong data-start=\"879\" data-end=\"898\">D\u00e9fis pratiques<\/strong> pour mettre en application les enseignements<\/p><\/li><li style=\"text-align: left;\"><h6><strong>D\u00e9roulement des cours :<\/strong><\/h6><\/li><li>Un cours en direct sur Zoom toutes les deux semaines.<\/li><li><strong data-start=\"647\" data-end=\"700\">Une activit\u00e9 interactive toutes les deux semaines<\/strong>, en alternance avec le cours.<\/li><li style=\"text-align: left;\"><h6><strong>Groupes par tranche d&rsquo;\u00e2ge :<\/strong>\u00a0<\/h6><\/li><li>Groupe 5-6 ans : Mercredi \u00e0 10h30.<\/li><li>Groupe 7-10 ans : Mercredi \u00e0 10h.<\/li><li>Groupe 11 et plus : Dimanche \u00e0 13h30.<\/li><li style=\"text-align: left;\"><h5><strong>Tarif :<\/strong>\u00a0<\/h5><\/li><li>Adh\u00e9rent : Enfant inscrit \u00e0 l&rsquo;institut en 2025-2026 :<strong> 5\u20ac par mois.<\/strong><\/li><li>Non adh\u00e9rent : <strong>7\u20ac par mois.<\/strong><\/li><li style=\"text-align: left;\"><h5><strong>Inscription :<\/strong>\u00a0<\/h5><\/li><li style=\"text-align: left;\"><a href=\"https:\/\/www.helloasso.com\/associations\/lumiere-du-savoir\/adhesions\/masjid-en-ligne-enfants\" target=\"_blank\" rel=\"noopener\"><span style=\"text-decoration: underline;\">Cliquez ici<\/span><\/a> ; vous serez dirig\u00e9 vers Hello Asso pour effectuer le paiement.<\/li><\/ul>\t\t\t\t\t\t\t\t<\/div>\n\t\t\t\t<\/div>\n\t\t\t\t\t<\/div>\n\t\t<\/div>\n\t\t\t\t\t<\/div>\n\t\t<\/section>\n\t\t\t\t\t<\/div>\n\t\t<\/div>\n\t\t\t\t\t<\/div>\n\t\t<\/section>\n\t\t\t\t<\/div>\n\t\t","protected":false},"excerpt":{"rendered":"<p>Le Masjid en ligne de l\u2019Institut Daroul Qouran Bienvenue dans le Masjid en ligne d\u00e9di\u00e9 aux enfants, un espace pens\u00e9 pour leur offrir un lieu de d\u00e9couverte, de spiritualit\u00e9 et d\u2019apprentissage autour du Qouran \u2014 depuis la maison, comme s\u2019ils entraient dans un petit masjid qui leur est r\u00e9serv\u00e9. Dans cet espace, les enfants pourront [&hellip;]<\/p>\n","protected":false},"author":1,"featured_media":1192,"parent":0,"menu_order":0,"comment_status":"closed","ping_status":"closed","template":"menu","meta":{"footnotes":""},"class_list":["post-3779","page","type-page","status-publish","has-post-thumbnail","hentry"],"_links":{"self":[{"href":"https:\/\/daroulqouran.fr\/index.php\/wp-json\/wp\/v2\/pages\/3779","targetHints":{"allow":["GET"]}}],"collection":[{"href":"https:\/\/daroulqouran.fr\/index.php\/wp-json\/wp\/v2\/pages"}],"about":[{"href":"https:\/\/daroulqouran.fr\/index.php\/wp-json\/wp\/v2\/types\/page"}],"author":[{"embeddable":true,"href":"https:\/\/daroulqouran.fr\/index.php\/wp-json\/wp\/v2\/users\/1"}],"replies":[{"embeddable":true,"href":"https:\/\/daroulqouran.fr\/index.php\/wp-json\/wp\/v2\/comments?post=3779"}],"version-history":[{"count":54,"href":"https:\/\/daroulqouran.fr\/index.php\/wp-json\/wp\/v2\/pages\/3779\/revisions"}],"predecessor-version":[{"id":3924,"href":"https:\/\/daroulqouran.fr\/index.php\/wp-json\/wp\/v2\/pages\/3779\/revisions\/3924"}],"wp:featuredmedia":[{"embeddable":true,"href":"https:\/\/daroulqouran.fr\/index.php\/wp-json\/wp\/v2\/media\/1192"}],"wp:attachment":[{"href":"https:\/\/daroulqouran.fr\/index.php\/wp-json\/wp\/v2\/media?parent=3779"}],"curies":[{"name":"wp","href":"https:\/\/api.w.org\/{rel}","templated":true}]}}