{"id":413,"date":"2020-05-15T13:27:52","date_gmt":"2020-05-15T11:27:52","guid":{"rendered":"http:\/\/daroulqouran.fr\/?page_id=413"},"modified":"2025-12-07T00:11:18","modified_gmt":"2025-12-06T23:11:18","slug":"pole-akhlaq","status":"publish","type":"page","link":"https:\/\/daroulqouran.fr\/index.php\/pole-akhlaq\/","title":{"rendered":"P\u00f4le Ethique"},"content":{"rendered":"\t\t<div data-elementor-type=\"wp-page\" data-elementor-id=\"413\" class=\"elementor elementor-413\">\n\t\t\t\t\t\t<section class=\"elementor-section elementor-top-section elementor-element elementor-element-443eff3d elementor-section-boxed elementor-section-height-default elementor-section-height-default\" data-id=\"443eff3d\" data-element_type=\"section\">\n\t\t\t\t\t\t<div class=\"elementor-container elementor-column-gap-default\">\n\t\t\t\t\t<div class=\"elementor-column elementor-col-100 elementor-top-column elementor-element elementor-element-4475f0ff\" data-id=\"4475f0ff\" data-element_type=\"column\">\n\t\t\t<div class=\"elementor-widget-wrap elementor-element-populated\">\n\t\t\t\t\t\t<div class=\"elementor-element elementor-element-14a7016d elementor-widget elementor-widget-text-editor\" data-id=\"14a7016d\" data-element_type=\"widget\" data-widget_type=\"text-editor.default\">\n\t\t\t\t<div class=\"elementor-widget-container\">\n\t\t\t\t\t\t\t\t\t<blockquote class=\"wp-block-quote is-style-large\">\n<p><\/p>\n<p style=\"text-align: center;\">\u00ab\u00a0Le comportement du Messager d&rsquo;Allah \u00e9tait le Coran.\u00a0\u00bb<\/p>\n<p><em><cite>Parole de notre M\u00e8re Aicha (que Dieu l&rsquo;agr\u00e9e)<\/cite><\/em><\/p>\n<\/blockquote>\n<p><!-- \/wp:quote --><!-- wp:spacer {\"height\":\"20px\"} --><\/p>\n<div class=\"wp-block-spacer\" style=\"height: 20px;\" aria-hidden=\"true\">\u00a0<\/div>\n<p data-start=\"206\" data-end=\"405\">La finalit\u00e9 m\u00eame de la r\u00e9v\u00e9lation est la mise en pratique du Qouran dans la vie du musulman. Cela commence par sa compr\u00e9hension et se concr\u00e9tise par l\u2019application de ses enseignements au quotidien.<\/p>\n<p data-start=\"407\" data-end=\"551\">Dans ce p\u00f4le, l\u2019accent est mis sur les enseignements relatifs au <strong data-start=\"472\" data-end=\"488\">comportement<\/strong> et \u00e0 la <strong data-start=\"497\" data-end=\"520\">r\u00e9forme personnelle<\/strong>. Les \u00e9l\u00e8ves y apprennent \u00e0 :<\/p>\n<ul data-start=\"552\" data-end=\"668\">\n<li data-start=\"552\" data-end=\"587\">\n<p data-start=\"554\" data-end=\"587\">Comprendre les versets \u00e9tudi\u00e9s,<\/p>\n<\/li>\n<li data-start=\"588\" data-end=\"622\">\n<p data-start=\"590\" data-end=\"622\">En tirer des le\u00e7ons pratiques,<\/p>\n<\/li>\n<li data-start=\"623\" data-end=\"668\">\n<p data-start=\"625\" data-end=\"668\">Les appliquer concr\u00e8tement dans leur vie.<\/p>\n<\/li>\n<\/ul>\n<p data-start=\"670\" data-end=\"834\">Le Qouran reste <strong data-start=\"686\" data-end=\"710\">la source principale<\/strong> des enseignements, mais il est \u00e9galement compl\u00e9t\u00e9 par l\u2019\u00e9tude de c\u00e9l\u00e8bres ouvrages d\u2019\u00e9thique issus du patrimoine islamique.<\/p>\n<p data-start=\"670\" data-end=\"834\">\u00a0<\/p>\n<h4 data-start=\"836\" data-end=\"858\">Programmes phares<\/h4>\n<ul data-start=\"859\" data-end=\"1480\">\n<li data-start=\"859\" data-end=\"1071\">\n<p data-start=\"861\" data-end=\"1071\"><strong data-start=\"861\" data-end=\"896\">\u00c9tude de Sourate Al-Kahf (n\u00b018)<\/strong><br data-start=\"896\" data-end=\"899\" \/>D\u00e9couverte des tr\u00e9sors et enseignements de cette sourate riche en le\u00e7ons intemporelles. Un accompagnement est propos\u00e9 \u00e0 celles qui souhaitent la m\u00e9moriser en parall\u00e8le (cf : P\u00f4le Qouran).<\/p>\n<\/li>\n<li data-start=\"1073\" data-end=\"1253\">\n<p data-start=\"1075\" data-end=\"1253\"><strong data-start=\"1075\" data-end=\"1112\">Les vertus des porteurs du Qouran<\/strong> \u2013 Im\u00e2m Al-Ajourr\u00ee (m. 360 H)<br data-start=\"1141\" data-end=\"1144\" \/>Un guide essentiel pour comprendre les qualit\u00e9s attendues de toute personne qui lit ou apprend le Qouran. Le livre sera lu en arabe, traduit et comment\u00e9 en fran\u00e7ais.<\/p>\n<\/li>\n<li data-start=\"1255\" data-end=\"1480\">\n<p data-start=\"1257\" data-end=\"1480\"><strong data-start=\"1257\" data-end=\"1306\">Expos\u00e9 du comportement des porteurs du Qouran<\/strong> \u2013 Im\u00e2m An-Nawaw\u00ee (m. 676 H)<br data-start=\"1334\" data-end=\"1337\" \/>Un ouvrage alliant spiritualit\u00e9 et jurisprudence, orientant l\u2019\u00e9tudiant vers les bonnes mani\u00e8res et l\u2019attitude ad\u00e9quate vis-\u00e0-vis du Qouran.<\/p>\n<\/li>\n<\/ul>\n<h4>RAPPEL :\u00a0<\/h4>\n<p data-start=\"209\" data-end=\"397\">L\u2019institut Daroul Qouran organise ses enseignements en <strong data-start=\"257\" data-end=\"284\">sessions de 10 semaines<\/strong>.<br data-start=\"285\" data-end=\"288\" \/>Chaque ann\u00e9e scolaire est divis\u00e9e en <strong data-start=\"325\" data-end=\"354\">3 sessions de 10 semaines<\/strong>, totalisant 30 semaines d\u2019apprentissage.<\/p>\n<p data-start=\"399\" data-end=\"626\">Les inscriptions se font <strong data-start=\"424\" data-end=\"447\">session par session<\/strong>.<\/p>\n<p data-start=\"628\" data-end=\"730\">Le <strong data-start=\"631\" data-end=\"664\">tarif est calcul\u00e9 par session<\/strong>, permettant ainsi de s\u2019adapter \u00e0 vos besoins et disponibilit\u00e9s.<\/p>\n<p data-start=\"628\" data-end=\"730\"><strong>PLANNING :\u00a0<\/strong><\/p>\n<ul>\n<li>Sourate Al-Kahf : <em>Planning \u00e0 venir&#8230;<\/em><\/li>\n<li><span style=\"text-decoration: underline;\">\u00a0Les vertus des porteurs du Qouran : Samedi de 7h \u00e0 8h.\u00a0<\/span><\/li>\n<\/ul>\n<p><strong>TARIF :<\/strong><\/p>\n<ul>\n<li><strong>84\u20ac<\/strong> la session soit <strong>28\u20ac<\/strong> par mois*.<\/li>\n<li>\n<p><strong>CODE PROMO<\/strong> : Daroul Qouran remet en place le code promo lorsque plusieurs membres d&rsquo;une famille s&rsquo;inscrivent <strong>(Mere+Enfant ou enfant+enfant)<\/strong> : pour en b\u00e9n\u00e9ficier taper le code promo : <strong>FAMILLE<\/strong> lors de la proc\u00e9dure de paiement.<\/p>\n<\/li>\n<\/ul>\n<p><em>*Possibilit\u00e9 de payer la cotisation en plusieurs fois.<\/em><\/p>\n<p data-start=\"628\" data-end=\"730\"><strong>INSCRIPTION :<\/strong><\/p>\n<ul>\n<li data-start=\"628\" data-end=\"730\">Cliquez sur la classe qui vous int\u00e9resse \u00e0 la section \u00ab\u00a0planning\u00a0\u00bb et vous serez dirig\u00e9e vers le site Hello Asso pour effectuer le paiement de la session.<\/li>\n<\/ul>\n<div class=\"wp-block-spacer\" style=\"height: 20px;\" aria-hidden=\"true\">\u00a0<\/div>\n<p><!-- \/wp:spacer --><!-- wp:shortcode --><\/p>\n<p><!-- \/wp:shortcode --><!-- wp:shortcode --><\/p>\n<p><!-- \/wp:shortcode --><\/p>\t\t\t\t\t\t\t\t<\/div>\n\t\t\t\t<\/div>\n\t\t\t\t\t<\/div>\n\t\t<\/div>\n\t\t\t\t\t<\/div>\n\t\t<\/section>\n\t\t\t\t<\/div>\n\t\t","protected":false},"excerpt":{"rendered":"<p>\u00ab\u00a0Le comportement du Messager d&rsquo;Allah \u00e9tait le Coran.\u00a0\u00bb Parole de notre M\u00e8re Aicha (que Dieu l&rsquo;agr\u00e9e) \u00a0 La finalit\u00e9 m\u00eame de la r\u00e9v\u00e9lation est la mise en pratique du Qouran dans la vie du musulman. Cela commence par sa compr\u00e9hension et se concr\u00e9tise par l\u2019application de ses enseignements au quotidien. Dans ce p\u00f4le, l\u2019accent est [&hellip;]<\/p>\n","protected":false},"author":1,"featured_media":0,"parent":0,"menu_order":0,"comment_status":"closed","ping_status":"closed","template":"menu","meta":{"footnotes":""},"class_list":["post-413","page","type-page","status-publish","hentry"],"_links":{"self":[{"href":"https:\/\/daroulqouran.fr\/index.php\/wp-json\/wp\/v2\/pages\/413","targetHints":{"allow":["GET"]}}],"collection":[{"href":"https:\/\/daroulqouran.fr\/index.php\/wp-json\/wp\/v2\/pages"}],"about":[{"href":"https:\/\/daroulqouran.fr\/index.php\/wp-json\/wp\/v2\/types\/page"}],"author":[{"embeddable":true,"href":"https:\/\/daroulqouran.fr\/index.php\/wp-json\/wp\/v2\/users\/1"}],"replies":[{"embeddable":true,"href":"https:\/\/daroulqouran.fr\/index.php\/wp-json\/wp\/v2\/comments?post=413"}],"version-history":[{"count":118,"href":"https:\/\/daroulqouran.fr\/index.php\/wp-json\/wp\/v2\/pages\/413\/revisions"}],"predecessor-version":[{"id":3862,"href":"https:\/\/daroulqouran.fr\/index.php\/wp-json\/wp\/v2\/pages\/413\/revisions\/3862"}],"wp:attachment":[{"href":"https:\/\/daroulqouran.fr\/index.php\/wp-json\/wp\/v2\/media?parent=413"}],"curies":[{"name":"wp","href":"https:\/\/api.w.org\/{rel}","templated":true}]}}